{"id":229,"date":"2010-09-07T13:07:18","date_gmt":"2010-09-07T13:07:18","guid":{"rendered":"http:\/\/192.168.1.29\/home\/?page_id=229"},"modified":"2020-01-16T07:38:31","modified_gmt":"2020-01-16T12:08:31","slug":"inasistencias-y-retardos","status":"publish","type":"page","link":"https:\/\/juanxxiii.e12.ve\/home\/manual-de-convivencia\/inasistencias-y-retardos","title":{"rendered":"Inasistencias y Retardos"},"content":{"rendered":"<p><strong>Inasistencias a las Evaluaciones:<\/strong><\/p>\n<p>El alumno est\u00e1 obligado a asistir a la totalidad de las evaluaciones establecidas en horario normal y extraordinario cuando se requiera..<\/p>\n<p>Si la inasistencia de la evaluaci\u00f3n es justificada se realizar\u00e1 la prueba fuera de horas de clase. El coordinador de evaluaci\u00f3n citar\u00e1 al alumno para acordar la hora de la evaluaci\u00f3n. Si la asistencia es injustificada el alumno perder\u00e1 el porcentaje de la evaluaci\u00f3n.<\/p>\n<p>El alumno que deba ausentarse antes de finalizar el a\u00f1o escolar, contar\u00e1 con la constancia de haber culminado un porcentaje del a\u00f1o escolar, de acuerdo al caso.<\/p>\n<p><strong>Retardos:<\/strong><\/p>\n<p>La puerta de entrada en las distintas sedes permanecer\u00e1 abierta en el siguiente horario:<\/p>\n<p>Mi Peque\u00f1o Juan 6:45 a.m. &#8211; 8:45 a.m.<br \/>\nJuancito y Preescolar 6:45 a.m.- 8:00 a.m.<br \/>\n1\u00ba y 2\u00ba grado 6:45 a.m \u2013 7:15 a.m.<br \/>\nJuanito y El Juan 6:30 a.m. &#8211; 7:00 a.m.<\/p>\n<p>Por las caracter\u00edsticas propias del nivel, en Mi Peque\u00f1o Juan no se tomar\u00e1n retardos.<\/p>\n<p>En la Sede del Juancito, hay un lapso de espera de 15 minutos para la entrada del alumno; a partir del cual se le har\u00e1 el registro respectivo.<\/p>\n<p>Desde 3er. grado hasta 2do. a\u00f1o de cs los clasificamos:<\/p>\n<p><strong>\u00a0\u00a0\u00a0\u00a0\u00a0\u00a0Cuando el alumno llega entre 7:00 a.m. a 7:10 a.m.:<\/strong><\/p>\n<ul>\n<li>Tres (3) a Cinco (5) retardos al mes: El representante debe dirigirse a la Coordinaci\u00f3n de Seguimiento Estudiantil y firmar la correspondiente notificaci\u00f3n de retardo para que a su representado le sea permitida la entrada a clases.<\/li>\n<li>Seis (6) retardos a nueve (9) retardos al mes: El representante debe dirigirse a la Coordinaci\u00f3n de Seguimiento Estudiantil para entrevistarse con la Coordinadora de Seguimiento y explicar las causas de los mismos y dejar por escrito el compromiso de que no se va a reincidir.<\/li>\n<li>Diez (10) retardos al mes: El representante debe dirigirse a la Coordinaci\u00f3n de Nivel y firmar la carta de compromiso y libro de vida.<\/li>\n<\/ul>\n<p><strong>\u00a0\u00a0\u00a0\u00a0\u00a0\u00a0Cuando el alumno llega despu\u00e9s de las 7:10 a.m.:<\/strong><\/p>\n<p style=\"text-align: justify;\"><strong>EL REPRESENTANTE DEBER\u00c1 DIRIGIRSE A LA COORDINACI\u00d3N DE SEGUIMIENTO ESTUDIANTIL Y CONTACTAR AL COORDINADOR DE GUARDIA DE SEGUIMIENTO ESTUDIANTIL PARA FIRMAR Y AS\u00cd PODER PERMITIRLE AL ALUMNO QUE ENTRE AL SAL\u00d3N DE CLASES.<\/strong><\/p>\n<ul>\n<li>\n<div style=\"text-align: justify;\">Dos (2) retardos al mes: El representante debe dirigirse a la Coordinaci\u00f3n de Seguimiento Estudiantil y entrevistarse para que le sea permitida la entrada a clases al alumno.<\/div>\n<\/li>\n<li>\n<div style=\"text-align: justify;\">Tres (3) retardos al mes: El representante debe dirigirse a la Coordinaci\u00f3n de Seguimiento Estudiantil y firmar la correspondiente notificaci\u00f3n de retardo para que a su representado le sea permitida la entrada a clases.<\/div>\n<\/li>\n<li>\n<div style=\"text-align: justify;\">Cuatro (4) y Cinco (5) retardos: El representante debe dirigirse al tutor y firmar el libro de vida.<\/div>\n<\/li>\n<li>\n<div style=\"text-align: justify;\">Seis (6) retardos: El representante debe dirigirse al Coordinador de Nivel y firmar la carta de compromiso.<\/div>\n<\/li>\n<li>\n<div style=\"text-align: justify;\">Siete (7) retardos: El representante deber\u00e1 reunirse con la Direcci\u00f3n del colegio.<\/div>\n<\/li>\n<\/ul>\n<p style=\"text-align: justify;\"><strong>\u00a0\u00a0\u00a0\u00a0\u00a0\u00a0Llegada del alumno al sal\u00f3n de clases con retraso<\/strong><\/p>\n<ul>\n<li>\n<div style=\"text-align: justify;\">Debe tener un pase del profesor, avalado por el Coordinador de Nivel.<\/div>\n<\/li>\n<li>\n<div style=\"text-align: justify;\">De no existir pase debe entrevistarse con el coordinador de nivel, para justificar el retardo y quedar\u00e1 escrito en el Historial del alumno.<\/div>\n<\/li>\n<li>\n<div style=\"text-align: justify;\">De repetirse la situaci\u00f3n debe acudir a la Coordinaci\u00f3n de Nivel y firmar la correspondiente notificaci\u00f3n.<\/div>\n<\/li>\n<\/ul>\n","protected":false},"excerpt":{"rendered":"<p>Inasistencias a las Evaluaciones: El alumno est\u00e1 obligado a asistir a la totalidad de las evaluaciones&#8230;<\/p>\n","protected":false},"author":9,"featured_media":29232,"parent":65,"menu_order":5,"comment_status":"closed","ping_status":"open","template":"","meta":[],"_links":{"self":[{"href":"https:\/\/juanxxiii.e12.ve\/home\/wp-json\/wp\/v2\/pages\/229"}],"collection":[{"href":"https:\/\/juanxxiii.e12.ve\/home\/wp-json\/wp\/v2\/pages"}],"about":[{"href":"https:\/\/juanxxiii.e12.ve\/home\/wp-json\/wp\/v2\/types\/page"}],"author":[{"embeddable":true,"href":"https:\/\/juanxxiii.e12.ve\/home\/wp-json\/wp\/v2\/users\/9"}],"replies":[{"embeddable":true,"href":"https:\/\/juanxxiii.e12.ve\/home\/wp-json\/wp\/v2\/comments?post=229"}],"version-history":[{"count":16,"href":"https:\/\/juanxxiii.e12.ve\/home\/wp-json\/wp\/v2\/pages\/229\/revisions"}],"predecessor-version":[{"id":36805,"href":"https:\/\/juanxxiii.e12.ve\/home\/wp-json\/wp\/v2\/pages\/229\/revisions\/36805"}],"up":[{"embeddable":true,"href":"https:\/\/juanxxiii.e12.ve\/home\/wp-json\/wp\/v2\/pages\/65"}],"wp:featuredmedia":[{"embeddable":true,"href":"https:\/\/juanxxiii.e12.ve\/home\/wp-json\/wp\/v2\/media\/29232"}],"wp:attachment":[{"href":"https:\/\/juanxxiii.e12.ve\/home\/wp-json\/wp\/v2\/media?parent=229"}],"curies":[{"name":"wp","href":"https:\/\/api.w.org\/{rel}","templated":true}]}}